3*p - 4*t. Let w = -68 + 69. What are the prime factors of -12*p*w/(-3)?
2, 7
Suppose d - 1009 = 3*c, 2*d = -2*c + 95 + 1899. What are the prime factors of d?
2, 5
Let p(w) = 2*w**2 + 88*w + 19. List the prime factors of p(-54).
7, 157
Let o = -189 + 279. Let w = o + -71. What are the prime factors of w?
19
Suppose 0 = -v + 6 + 12. Let d = -11 + v. Let s = 38 - d. What are the prime factors of s?
31
Let v(b) be the first derivative of 16*b**3/3 - 3*b**2 + 5*b - 7. List the prime factors of v(3).
131
Let q(g) = 18*g**3 + g**2 + 3*g - 10. What are the prime factors of q(3)?
2, 13, 19
Let q = -6 - -10. Suppose f + 6*a = 3*a - 2, 0 = q*f + 5*a - 6. List the prime factors of (22/(-4))/((-2)/f).
11
Suppose 0 = -8*v + v + 3458. List the prime factors of v.
2, 13, 19
Let z = 10 - 7. Suppose 0*v - 78 = -z*v. Suppose 4*c - v = -3*g, -g = -0*c - 2*c + 8. What are the prime factors of g?
2
Suppose -3*u - 5 = 4. Let d(o) = -6*o - 9. What are the prime factors of d(u)?
3
Suppose 3 = -4*w + i + 18, -4*i + 4 = 0. Let q(d) = -d**3 + 5*d**2 - 4*d + 5. Let j be q(w). Let k = j + 1. List the prime factors of k.
2, 3
Let n = -208 + 220. Suppose t = 5*c + 24, -t - 2*c = -c - 42. Let z = t - n. List the prime factors of z.
3
Let c = -66 - -179. Suppose -5*f = -c - 97. List the prime factors of f.
2, 3, 7
Suppose -i - 2*i - 3*u + 336 = 0, 0 = i + 4*u - 121. Suppose 4*k + 36 = 3*z - i, -5*k + 136 = 3*z. List the prime factors of z.
47
Let t(b) = 0*b - 2*b - 55 + 54. Let q(p) = p**3 - p**2 - 4. Let c be q(0). List the prime factors of t(c).
7
Let i(l) = -l**3 - 9*l**2 + 14*l + 18. Let k be i(-13). Suppose -5*o - 4*m + 645 = 0, 8*m - 12*m = 4*o - k. List the prime factors of o.
7, 19
Let v(c) be the first derivative of c**4/4 + 10*c**3/3 - c**2 - 15*c + 5. List the prime factors of v(-9).
2, 3, 7
Suppose -4*h - 4*n + 24 = 0, -4*n = 5*h - 16 - 9. Let j be -3*(-9)/(h + 2). Suppose -3*w + j = -2*w. List the prime factors of w.
3
Suppose 0 = -4*l - 0 - 8, -4*i = l - 90. Suppose 0 = -4*o + i + 13. Let m(q) = 4*q - 6. What are the prime factors of m(o)?
2, 3, 5
Let j be (-2)/9 - 0 - 2706/(-27). Let c = 203 - j. List the prime factors of c.
103
Let v(q) = -q**2 + 7*q + 3. Let d be v(7). List the prime factors of (0 + d)/((-10)/((-550)/15)).
11
Suppose -k - 5 + 6 = v, 4*v + 1 = -3*k. Suppose 312 = 3*w + 5*i, -i = k*w + i - 501. What are the prime factors of w?
3, 11
Let q = 176 - -202. Suppose 2*z - q = -z + 3*s, -378 = -3*z + 5*s. List the prime factors of z.
2, 3, 7
Let l(h) = -3*h + 6. Let o = -17 - -8. Let u(z) = -z**2 - 10*z - 12. Let f be u(o). What are the prime factors of l(f)?
3, 5
Suppose -5*r + i + 2537 = 0, -4*i = -2*r + 1160 - 156. List the prime factors of r.
2, 127
Let o(x) be the first derivative of -33*x**2/2 - 17*x - 14. List the prime factors of o(-11).
2, 173
Let r = 144 + -37. Suppose 2*v = -f + r, -4*f + 175 = 5*v - 256. What are the prime factors of f?
109
Suppose -2514 = 26*w - 32*w. What are the prime factors of w?
419
Let v be (-1)/((-58)/(-30) + -2). Let g(k) = 3*k. List the prime factors of g(v).
3, 5
Let q(s) = -27*s + 36. Let y be q(-23). Suppose 0 = 7*n + 97 - y. What are the prime factors of n?
2, 5
Let p(v) = -68*v + 61. What are the prime factors of p(-16)?
3, 383
Let v(r) = r**2 + 4*r + 21. List the prime factors of v(-6).
3, 11
Let n = 91 - -292. What are the prime factors of n?
383
Let n be (304/6)/(2/6). Suppose -13447 = -53*s + 7329. Suppose s = 5*z + n. What are the prime factors of z?
2, 3
Suppose 29*s = 31*s - 120. Suppose -46 - s = -w. What are the prime factors of w?
2, 53
Suppose n + 4*v = -v - 13, -2*v - 10 = 0. Suppose 5*z - 3*z + n = 0. What are the prime factors of (-1)/z - (-805)/30?
3
Let i(o) = o**2 + 5*o + 3. Let q be i(-5). Let c be q - 9 - 2*-1. List the prime factors of 260/(-25)*10/c.
2, 13
Let y be (-5)/((-5)/33) - 2. Let k = -7 + y. List the prime factors of 536/k - (-1)/(-3).
2, 11
Suppose x = 6*x - 10, -3*q + 3*x = -18. List the prime factors of 1059/18 - q/(-48).
59
Let k(t) = 7*t**3 + 3*t**2 + 2*t + 2. Suppose -3*q - 8 = o, 4*o - 4*q - q - 2 = 0. Let j be k(o). Let m = -12 - j. What are the prime factors of m?
2, 17
Let y(m) = 2*m**2 + 2*m + 2 - m**2 + m - 4. Suppose 0 = 6*i - i + 20. List the prime factors of y(i).
2
Let l(z) = 18*z - 16 - 12*z + 5*z**2 + 13 - z**3. Let a = 2 + 3. List the prime factors of l(a).
3
Let x(c) = 2*c**2. Let r be x(2). Suppose -r*k + 2*k + 480 = 0. List the prime factors of k.
2, 5
List the prime factors of (37/12 - (-105)/(-140))*342.
2, 3, 7, 19
Suppose -3*t - 3*i + 8 + 7 = 0, t = 4*i - 10. Suppose 0 = -t*r - y + 118, 0*y + 184 = 3*r - 2*y. List the prime factors of r.
2, 3, 5
Suppose -3269 = 186*d - 187*d. List the prime factors of d.
7, 467
Let d(z) = z**3 + 7*z**2 - 27*z - 33. Let i be d(-10). Suppose -m - 3 = 0, -3*m = 2*v + 3*v + 9. List the prime factors of (v - -5)*i/(-35).
3
Suppose -2 = -0*i - 2*i. Let n(j) = 5*j**3 + j**2 + j + 4. Let f(z) = 1. Let t(x) = -5*f(x) + n(x). What are the prime factors of t(i)?
2, 3
Suppose -2*g = -2*u + 2504, -5*u - 4*g + 4831 = -1456. What are the prime factors of u?
5, 251
Suppose 2*m + 1 = 15. Let d(j) = j - 5. Let a(l) = 1. Let p(b) = 5*a(b) - d(b). List the prime factors of p(m).
3
Let w(i) = -22*i**3 + i. Let l be w(-1). Let f(c) = 2*c**3 - 21*c**2 + 8*c + 39. Let r be f(10). Let d = r + l. What are the prime factors of d?
2, 5
Suppose -o = -4 - 0. Let f be (7 - 13)*(-2 + (-8)/(-6)). List the prime factors of o*(-2 - (-25)/f).
17
Suppose 573 + 1268 = 7*w. Suppose x + 2*t + 63 = w, 0 = 4*x - 5*t - 774. List the prime factors of x.
2, 7
Let t(v) = 72*v + 140. List the prime factors of t(15).
2, 5, 61
Suppose -3*i + 22 = -5*w - 10, 4*i - 28 = 3*w. What are the prime factors of i/1*(1/1 + 2)?
2, 3
Let r be 6/15 - 90/(-25). Let u(o) = 3*o**2 + 10*o + 5. What are the prime factors of u(r)?
3, 31
Let b(g) = -g**2 + 17*g + 46. Let n be b(20). List the prime factors of (-556)/n - (-6)/21.
2, 5
Suppose -6*o + 22684 = -3626. What are the prime factors of o?
5, 877
Suppose 5*k - 3*k = 10. Suppose 79 = 2*u - k*x, 3*x + x = -3*u + 61. What are the prime factors of u?
3
Let l(h) = 3*h + 12. Let t be l(-6). Let f = 8 + t. What are the prime factors of f?
2
Let w(i) be the second derivative of i**5/20 + 5*i**4/4 - 5*i**3/6 + 21*i**2/2 - 4*i. List the prime factors of w(-15).
2, 3
What are the prime factors of ((-69)/(-4))/(95/6460)?
3, 17, 23
Let c(f) = f**2 - 6*f + 4. Let z be c(7). Let q(v) = 0*v + 20 - v + 0*v + 5. List the prime factors of q(z).
2, 7
Let w = -13 + 16. Let b be w - (-1)/((-1)/6). Let f = 5 - b. List the prime factors of f.
2
Let a = 117 + -81. What are the prime factors of 6/(-4)*(-4152)/a?
173
List the prime factors of (3 + -1)/(2/180 + 0).
2, 3, 5
Let m be ((-7)/(-2))/(1 - 6/4). What are the prime factors of 3/(((-42)/32)/m)*5?
2, 5
What are the prime factors of 1388 - ((-119)/(-28) + 2/(-8))?
2, 173
Suppose -2*b + o + 59 = 2*b, -3*b - 3*o + 33 = 0. Suppose -2*c - 2 + b = 5*y, -3*c = -3. Suppose 0*s + y*s = 46. List the prime factors of s.
23
Let w = 281 + -188. Suppose 2*k + 3*z - w = 0, -2*z = -5*k - 4*z + 227. Suppose c = -12 + k. What are the prime factors of c?
3, 11
Let r = 7 - 7. Suppose 0*y + 4*y - 3*l - 30 = r, 4 = y + l. List the prime factors of y - -1 - (-1 + 1).
7
Suppose -33*a - 10296 = -55*a. List the prime factors of a.
2, 3, 13
What are the prime factors of ((-2)/8 - 22/(-24))*1221?
2, 11, 37
Let p be 14/2 + (4 - (4 - -1)). Suppose -4*s + w + 488 = p*w, -5*s + 610 = 2*w. List the prime factors of s.
2, 61
Suppose 3*r - 289 = -5*a, -2*r - 34 = -4*a - 190. What are the prime factors of r?
2, 11
Let d = 1157 + -341. What are the prime factors of d?
2, 3, 17
Let d(f) = 5*f**3 - f**2 - 9*f + 3. Let p be d(-4). Let y = 479 + p. What are the prime factors of y?
2, 7, 13
Suppose 0 = 5*f + 5*a + 3 - 13, -3*a = -5*f - 6. Suppose f = 8*y + y - 936. What are the prime factors of y?
2, 13
Suppose 0 = -y + 4, -50*y + 55*y = -5*v + 5245. What are the prime factors of v?
5, 11, 19
Let u be -3 + 3 + 0 + 27. Let m be (53 + 0)*2/2. Let o = m - u. What are the prime factors of o?
2, 13
Suppose -20*o + 30884 = -25856. What are the prime factors of o?
2837
Let d(n) = 11*n + 17. Let p be d(-8). Let w = p + 119. List the prime factors o